{"id":310,"date":"2017-01-25T23:55:37","date_gmt":"2017-01-25T23:55:37","guid":{"rendered":"http:\/\/www.rosadosventosjuquehy.com.br\/?page_id=310"},"modified":"2024-05-22T22:16:37","modified_gmt":"2024-05-22T22:16:37","slug":"politica-para-o-pet","status":"publish","type":"page","link":"https:\/\/rosadosventosjuquehy.com.br\/index.php\/espaco-pet\/politica-para-o-pet\/","title":{"rendered":"Pol\u00edtica para o PET"},"content":{"rendered":"\n<p><\/p>\n\n\n\n<p>Antes de realizar uma reserva, \u00e9&nbsp;essencial que o dono fa\u00e7a a consulta pr\u00e9via desta pol\u00edtica para verificar se a compatibilidade e o perfil do seu pet est\u00e3o de acordo com as normas da nossa pousada.<\/p>\n\n\n\n<p><strong>Quais pets s\u00e3o aceitos<\/strong><\/p>\n\n\n\n<p>Temos a melhor infraestrutura para hospedar pets acostumados a viver em apartamento, que n\u00e3o necessitam de muito espa\u00e7o para correr ou brincar, e que&nbsp;conseguem permanecer calmos na aus\u00eancia de seu dono. Aqui TODAS&nbsp;as ra\u00e7as e portes s\u00e3o aceitas, por\u00e9m uma condi\u00e7\u00e3o importante a se considerar \u00e9 o&nbsp;TEMPERAMENTO do animal&nbsp;que deve ser D\u00d3CIL E TRANQUILO para que n\u00e3o ofere\u00e7a risco \u00e0s outras pessoas, e outros animais.<\/p>\n\n\n\n<p>Ser\u00e3o aceitos somente pets dom\u00e9sticos como: cachorro, gato, papagaio, coelho, hamster, entre outros. N\u00e3o aceitamos animais silvestres ou qualquer outro que o porte que n\u00e3o seja permitido por lei.&nbsp;<\/p>\n\n\n\n<p><strong>Quais apartamentos s\u00e3o adequados a receber pets<\/strong><\/p>\n\n\n\n<p>Os apartamentos adequados para receber C\u00c3ES s\u00e3o os Triplo T\u00e9rreo e Qu\u00e1druplo T\u00e9rreo,&nbsp;que possuem quintal privativo destinado ao maior conforto do pet. Para GATOS e AVES, recomendamos os apartamentos Triplo Superior e Qu\u00e1druplo Superior. Os demais apartamentos como o Duplo T\u00e9rreo e Duplo Superior, n\u00e3o s\u00e3o recomendados para os pets.<\/p>\n\n\n\n<p><strong>Qual o valor da taxa pet e o que est\u00e1 incluso&nbsp;<\/strong><\/p>\n\n\n\n<p>Os pets pagam uma taxa \u00fanica de R$ 100 por hospedagem. Oferecemos comedouro, caminha, manta e petisco de boas vindas. Caso precise, tamb\u00e9m \u00e9 poss\u00edvel solicitar tapete higi\u00eanico, caixa de areia e toalha de banho para auxiliar em uma necessidade pontual. Os pets tamb\u00e9m contam com caf\u00e9 da manh\u00e3 especial baseado em frutas e \u00e1gua de coco =)&nbsp;<\/p>\n\n\n\n<p>Temos parceria com petshop na regi\u00e3o para compra de artigos e a contrata\u00e7\u00e3o de servi\u00e7os veterin\u00e1rios, se necess\u00e1rio.<\/p>\n\n\n\n<p><strong>Responsabilidades dos Tutores<\/strong><\/p>\n\n\n\n<p>Os donos s\u00e3o respons\u00e1veis pelo comportamento do seu pet durante a estadia na pousada e devem zelar pelo bom conv\u00edvio com os demais h\u00f3spedes. Dentro da pousada, os pets devem circular em suas guias sob observa\u00e7\u00e3o, cuidado e&nbsp;controle dos seus donos.<\/p>\n\n\n\n<p>Os tutores&nbsp;devem retirar o animal do apartamento e com ele permanecer, durante todos os atos de limpeza e manuten\u00e7\u00e3o da unidade, sendo esta condi\u00e7\u00e3o&nbsp;imperativa&nbsp;para que&nbsp;o servi\u00e7o ocorra. Os tutores devem procurar a recep\u00e7\u00e3o para combinar o melhor momento para realiza\u00e7\u00e3o do mesmo.&nbsp;<\/p>\n\n\n\n<p>Embora estejamos em um ambiente pet friendly, que compreende e tolera o comportamento natural do pet, os donos ainda assim, devem garantir para que n\u00e3o haja barulhos excessivos&nbsp;por parte deste, a qualquer hora do dia e da noite. A desarmonia do conv\u00edvio do pet com o meio coletivo pode gerar o cancelamento da estadia do h\u00f3spede.<\/p>\n\n\n\n<p>Os pets devem permanecer calmos na aus\u00eancia dos tutores. Caso os funcion\u00e1rios da pousada percebam que o pet est\u00e1 muito agitado ou n\u00e3o est\u00e1 bem, o dono ser\u00e1 chamado para acalm\u00e1-lo.&nbsp; &nbsp;<\/p>\n\n\n\n<p>Os donos devem estar atentos com seus pets para que n\u00e3o depreciem ou inviabilizem itens de uso comum dentro das acomoda\u00e7\u00f5es, como m\u00f3veis e roupas de cama. No caso de avarias, haver\u00e1 o acr\u00e9scimo de uma taxa fixa no valor de R$200 ou outra taxa, de acordo com o item danificado a crit\u00e9rio da pousada.<\/p>\n\n\n\n<p>Os donos devem levar seu pet diariamente para passear e fazer as necessidades fora da pousada, al\u00e9m&nbsp;de recolh\u00ea-las. A pousada oferece saquinho e lixeira para descarte dos res\u00edduos. N\u00e3o \u00e9 permitido o uso dos quintais do apartamento ou das \u00e1reas internas da pousada para este fim. Caso ocorra involuntariamente, os donos devem proceder a limpeza da sujeira do seu pet para manter o ambiente limpo.<\/p>\n\n\n\n<p>Os pets devem possuir cart\u00e3o de vacina\u00e7\u00e3o em dia e apresent\u00e1-los se for requisitado.<\/p>\n\n\n\n<p><strong>Exclus\u00e3o de Responsabilidade<\/strong><\/p>\n\n\n\n<p>A&nbsp;pousada n\u00e3o ser\u00e1&nbsp;respons\u00e1vel&nbsp;pela fuga do animal para fora de nossa propriedade. O local possui diversos acessos para a rua que n\u00e3o podem ser fechados em raz\u00e3o do fluxo cont\u00ednuo de pessoas. Por esta raz\u00e3o, o tutor n\u00e3o pode&nbsp;minimizar a import\u00e2ncia&nbsp;da guia e deve zelar e responsabilizar-se pelo seu&nbsp;animal.<\/p>\n\n\n\n<p>A pousada n\u00e3o ser\u00e1&nbsp;respons\u00e1vel&nbsp;por acidentes causados ou sofridos pelos pets \u00e0 outras pessoas ou outros animais. Cada tutor \u00e9 respons\u00e1vel pela conduta de seu pet e deve exercer o controle atrav\u00e9s da guia, responsabilizando-se&nbsp;por quaisquer \u00f4nus decorrentes do comportamento inadequado do seu animal.&nbsp;&nbsp;<\/p>\n\n\n\n<p>A pousada n\u00e3o ser\u00e1\u00a0respons\u00e1vel por acidentes sofridos pelos pets em nossa propriedade. Caso o tutor entenda que a infraestrutura da pousada ou do apartamento podem trazer algum risco ao seu animal, seja pela presen\u00e7a de piscina, escadas ou varandas com guarda-corpo vazado, \u00e9 franqueado ao mesmo o direito de arrependimento antes da realiza\u00e7\u00e3o do check in, tendo a sua reserva cancelada sem custo. A n\u00e3o manifesta\u00e7\u00e3o de imediato no ato do check in, implica em aceite das condi\u00e7\u00f5es oferecidas pela hospedagem.<\/p>\n\n\n\n<p>O descritivo da pousada e dos apartamentos, bem como fotos dos ambientes&nbsp;e tamb\u00e9m esta pol\u00edtica, podem ser verificados em nosso site&nbsp;<a href=\"http:\/\/www.rosadosventosjuquehy.com.br\/\">www.rosadosventosjuquehy.com.br<\/a>.&nbsp;<\/p>\n\n\n\n<p><strong>O que pode<\/strong><\/p>\n\n\n\n<p>Os pets podem acompanhar seus donos nas \u00e1reas comuns da pousada, sempre na guia. Podem ficar na beira da piscina, utilizando os ganchos de seguran\u00e7a, al\u00e9m de refrescar-se no chuveir\u00e3o, passear pelos corredores e recep\u00e7\u00e3o. Tomar caf\u00e9 da manh\u00e3 com seus donos na \u00e1rea da piscina ou nos apartamentos tamb\u00e9m \u00e9 permitido. Passear&nbsp;com os donos nas imedia\u00e7\u00f5es da pousada e na rua da praia&nbsp;para relaxar e fazer suas necessidades, devendo assim, o dono recolh\u00ea-las.&nbsp;Tamb\u00e9m \u00e9 poss\u00edvel&nbsp;lev\u00e1-los&nbsp;almo\u00e7ar e jantar nos diversos restaurantes pet friendly de Juquehy.<\/p>\n\n\n\n<p><strong>O que n\u00e3o pode<\/strong><\/p>\n\n\n\n<p>Dentro da pousada, s\u00e3o apenas duas as restri\u00e7\u00f5es. Os pets n\u00e3o podem acessar o buffet do caf\u00e9 da manh\u00e3 e entrar na piscina, destinada a humanos. No \u00e2mbito municipal, a lei 848\/1992 pro\u00edbe animais de frequentar as praias. Por esta raz\u00e3o, a pousada disp\u00f5e de apartamentos espa\u00e7osos, com \u00e1reas externas sombreadas dedicadas aos animais, para que fiquem confort\u00e1veis enquanto seus donos visitam as praias.<\/p>\n","protected":false},"excerpt":{"rendered":"<p>Antes de realizar uma reserva, \u00e9&nbsp;essencial que o dono fa\u00e7a a consulta pr\u00e9via desta pol\u00edtica para verificar se a compatibilidade e o perfil do seu pet est\u00e3o de acordo com as normas da nossa pousada. Quais pets s\u00e3o aceitos Temos<\/p>\n","protected":false},"author":1,"featured_media":0,"parent":391,"menu_order":1,"comment_status":"closed","ping_status":"closed","template":"page-templates\/contact.php","meta":{"footnotes":""},"_links":{"self":[{"href":"https:\/\/rosadosventosjuquehy.com.br\/index.php\/wp-json\/wp\/v2\/pages\/310"}],"collection":[{"href":"https:\/\/rosadosventosjuquehy.com.br\/index.php\/wp-json\/wp\/v2\/pages"}],"about":[{"href":"https:\/\/rosadosventosjuquehy.com.br\/index.php\/wp-json\/wp\/v2\/types\/page"}],"author":[{"embeddable":true,"href":"https:\/\/rosadosventosjuquehy.com.br\/index.php\/wp-json\/wp\/v2\/users\/1"}],"replies":[{"embeddable":true,"href":"https:\/\/rosadosventosjuquehy.com.br\/index.php\/wp-json\/wp\/v2\/comments?post=310"}],"version-history":[{"count":16,"href":"https:\/\/rosadosventosjuquehy.com.br\/index.php\/wp-json\/wp\/v2\/pages\/310\/revisions"}],"predecessor-version":[{"id":635,"href":"https:\/\/rosadosventosjuquehy.com.br\/index.php\/wp-json\/wp\/v2\/pages\/310\/revisions\/635"}],"up":[{"embeddable":true,"href":"https:\/\/rosadosventosjuquehy.com.br\/index.php\/wp-json\/wp\/v2\/pages\/391"}],"wp:attachment":[{"href":"https:\/\/rosadosventosjuquehy.com.br\/index.php\/wp-json\/wp\/v2\/media?parent=310"}],"curies":[{"name":"wp","href":"https:\/\/api.w.org\/{rel}","templated":true}]}}